 451922 is divided by 8830?
1592
What is the remainder when 42704046 is divided by 24?
6
What is the remainder when 3681632 is divided by 123?
119
Calculate the remainder when 2859050 is divided by 1006.
1004
What is the remainder when 1995935 is divided by 2123?
315
What is the remainder when 850230 is divided by 29?
8
What is the remainder when 40599178 is divided by 5074897?
2
Calculate the remainder when 1100045 is divided by 35.
30
Calculate the remainder when 145359 is divided by 615.
219
Calculate the remainder when 17044 is divided by 5130.
1654
Calculate the remainder when 10603 is divided by 4752.
1099
Calculate the remainder when 11968067 is divided by 761.
581
Calculate the remainder when 2370841 is divided by 158055.
16
What is the remainder when 511570 is divided by 4028?
14
What is the remainder when 416384 is divided by 61?
59
Calculate the remainder when 8813719 is divided by 2833.
256
Calculate the remainder when 349620 is divided by 180.
60
What is the remainder when 23157312 is divided by 3859549?
18
Calculate the remainder when 4296643 is divided by 122760.
43
What is the remainder when 90425 is divided by 583?
60
What is the remainder when 796756 is divided by 39837?
16
Calculate the remainder when 3356628 is divided by 1170.
1068
Calculate the remainder when 183002180 is divided by 91.
88
Calculate the remainder when 575301 is divided by 143824.
5
What is the remainder when 275978039 is divided by 95?
94
What is the remainder when 3548594 is divided by 1774288?
18
What is the remainder when 1432890 is divided by 3674?
30
Calculate the remainder when 3086061 is divided by 1543026.
9
What is the remainder when 932908 is divided by 68?
16
What is the remainder when 3389220 is divided by 76?
0
What is the remainder when 1782067 is divided by 3?
1
What is the remainder when 9179356 is divided by 557?
553
Calculate the remainder when 7263383 is divided by 821.
817
Calculate the remainder when 458104 is divided by 1078.
1032
Calculate the remainder when 42925 is divided by 9941.
3161
What is the remainder when 3509611 is divided by 184715?
26
Calculate the remainder when 57186850 is divided by 53899.
11
Calculate the remainder when 2054607 is divided by 36689.
23
Calculate the remainder when 134816 is divided by 527.
431
Calculate the remainder when 4616394 is divided by 17893.
0
Calculate the remainder when 572801 is divided by 11455.
51
What is the remainder when 226068 is divided by 56494?
92
What is the remainder when 3501614 is divided by 10547?
10
What is the remainder when 274894 is divided by 231?
4
What is the remainder when 181583 is divided by 936?
935
What is the remainder when 185337 is divided by 13700?
7237
What is the remainder when 887621 is divided by 314?
257
Calculate the remainder when 5579459 is divided by 471.
464
Calculate the remainder when 34366842 is divided by 1984.
1978
What is the remainder when 364526 is divided by 6316?
4514
Calculate the remainder when 77149624 is divided by 925.
924
Calculate the remainder when 76417427 is divided by 4083.
4082
Calculate the remainder when 358873 is divided by 15596.
165
Calculate the remainder when 22407483 is divided by 24.
3
Calculate the remainder when 378759963 is divided by 8558.
8557
Calculate the remainder when 4097705 is divided by 24537.
26
What is the remainder when 78714663 is divided by 772?
771
What is the remainder when 132730 is divided by 43209?
3103
Calculate the remainder when 1230106465 is divided by 10123.
10120
What is the remainder when 445021 is divided by 65?
31
What is the remainder when 31408821 is divided by 460?
21
Calculate the remainder when 961409 is divided by 27458.
379
What is the remainder when 4479457 is divided by 1119770?
377
What is the remainder when 5225066 is divided by 746435?
21
Calculate the remainder when 2819833 is divided by 1204.
65
Calculate the remainder when 16316552 is divided by 906474.
20
Calculate the remainder when 619165 is divided by 123820.
65
Calculate the remainder when 301157 is divided by 150577.
3
What is the remainder when 9723060 is divided by 194?
168
Calculate the remainder when 195703 is divided by 8502.
157
What is the remainder when 167099 is divided by 164826?
2273
Calculate the remainder when 15855029 is divided by 54.
35
Calculate the remainder when 4044322 is divided by 48.
34
What is the remainder when 9874329 is divided by 3756?
3561
What is the remainder when 849282 is divided by 848826?
456
What is the remainder when 6125890 is divided by 307?
12
What is the remainder when 65099055 is divided by 1886?
1879
What is the remainder when 6442456 is divided by 2147485?
1
What is the remainder when 102753 is divided by 102446?
307
Calculate the remainder when 513942 is divided by 171304.
30
Calculate the remainder when 29087 is divided by 3850.
2137
Calculate the remainder when 11530068 is divided by 199.
8
Calculate the remainder when 614275 is divided by 2185.
290
What is the remainder when 653765 is divided by 321?
209
Calculate the remainder when 259344 is divided by 2422.
190
What is the remainder when 10938898 is divided by 1381?
1378
Calculate the remainder when 2304144 is divided by 49.
17
What is the remainder when 208862505 is divided by 2712500?
5
Calculate the remainder when 433576 is divided by 69.
49
What is the remainder when 17367917 is divided by 488?
485
Calculate the remainder when 425343 is divided by 877.
875
What is the remainder when 825984 is divided by 1769?
1630
Calculate the remainder when 4318861 is divided by 32968.
53
Calculate the remainder when 42681115 is divided by 80.
75
Calculate the remainder when 941388 is divided by 470693.
2
Calculate the remainder when 2295605 is divided by 166.
157
Calculate the remainder when 1181953 is divided by 275.
3
Calculate the remainder when 31294704 is divided by 2382.
2370
What is the remainder when 261379 is divided by 130669?
41
Calculate the remainder when 1582481 is divided by 527439.
164
What is the remainder when 2523129 is divided by 1660?
1589
Calculate the remainder when 119872 is divided by 416.
64
What is the remainder when 567621092 is divided by 2744?
2740
What is the remainder when 1236550 is divided by 29?
19
What is the remainder when 1382331 is divided by 1323?
1119
Calculate the remainder when 99581 is divided by 16584.
77
What is the remainder when 41608456 is divided by 265?
11
Calculate the remainder when 2038032 is divided by 4519.
4482
What is the remainder when 385556 is divided by 128279?
719
Calculate the remainder when 13911459 is divided by 214022.
29
Calculate the remainder when 47595907 is divided by 988.
983
Calculate the remainder when 121827 is divided by 690.
387
What is the remainder when 97866 is divided by 18614?
4796
Calculate the remainder when 1811228 is divided by 1750.
1728
Calculate the remainder when 149898 is divided by 21202.
1484
What is the remainder when 163930 is divided by 274?
78
Calculate the remainder when 7736035 is divided by 702.
697
Calculate the remainder when 481399 is divided by 1917.
232
What is the remainder when 99690 is divided by 112?
10
What is the remainder when 3954740 is divided by 27?
23
What is the remainder when 3232290 is divided by 1077427?
9
Calculate the remainder when 26798 is divided by 2722.
2300
Calculate the remainder when 6552648 is divided by 2322.
2286
What is the remainder when 1807802 is divided by 2?
0
What is the remainder when 248255875 is divided by 26?
23
Calculate the remainder when 464144 is divided by 9038.
3206
Calculate the remainder when 818531 is divided by 25579.
3
Calculate the remainder when 4861290 is divided by 138.
102
Calculate the remainder when 122030 is divided by 16355.
7545
What is the remainder when 7140204 is divided by 2379950?
354
Calculate the remainder when 141150 is divided by 2874.
324
What is the remainder when 647780 is divided by 4152?
68
Calculate the remainder when 127919 is divided by 575.
269
What is the remainder when 526049 is divided by 5656?
41
Calculate the remainder when 270563 is divided by 12303.
12200
What is the remainder when 21830632 is divided by 62?
60
Calculate the remainder when 9332543 is divided by 90.
83
Calculate the remainder when 27749066 is divided by 55277.
12
Calcula